11) is divided by 23.
22
Suppose -5*h + 2*j = -100, h + 2*j + 28 = 2*h. Calculate the remainder when 2/(-18)*1 - (-956)/18 is divided by h.
17
Suppose 34 = j + 3*t, 4*j - 5*t - 136 = -0*j. What is the remainder when 119 is divided by j?
17
Let j = 0 + 13. Let r be ((-48)/18)/((-1092)/(-549) - 2). Let x = r + -236. Calculate the remainder when j is divided by x.
5
Let a be (-10)/4*-4 - 2. Suppose a*s - 4 = 6*s. Calculate the remainder when (-3 + s)*(-34 - -1) is divided by 9.
6
Let w(i) = i + 9. Suppose -4*r = 4*c - 16, 0 = 5*r + 4*c + 7 - 23. Let f be w(r). What is the remainder when 515/f - (-10)/(-45) is divided by 20?
17
Calculate the remainder when 262 is divided by 6/(54/(-63)) + 19.
10
Suppose 5*a + 0*a = 5*q - 45, 4*q - 61 = -a. Calculate the remainder when 188 is divided by q.
6
Let i be (1 + -1)*9/27. Let k be 0 - 2 - 1 - i. Calculate the remainder when (2*-102)/(-4) + k is divided by 17.
14
Suppose y - 108 = 2*d, y - 6*y + 515 = -5*d. Calculate the remainder when 881 is divided by y.
97
What is the remainder when 114 is divided by 20 + 1 + 80/20?
14
Suppose -r - 30 = 4*q, 0*r - 2*q = -r. Let n(f) = -20*f - 32. Calculate the remainder when n(r) is divided by 43.
39
Suppose 2*v - 30 = 3*c, -52 = -7*v + 2*v - 4*c. Calculate the remainder when ((-25)/10)/(-2*2/56) is divided by v.
11
Let t = 94 + -89. Suppose -t*p + 43 = k, 4*k - 5*p - 122 - 50 = 0. What is the remainder when k is divided by 13?
4
Let z(i) = 211*i - 34. Calculate the remainder when z(1) is divided by 15.
12
Suppose 0 = -5*l - 20, j - l - 82 + 16 = 0. Suppose j = 2*w + 20. What is the remainder when 40 is divided by w?
19
Suppose 7*y - 2*y - 4238 = -4*d, d - 1064 = y. Calculate the remainder when d is divided by 8.
6
Let m = -285 + 299. What is the remainder when 53 is divided by m?
11
Let l = -2 + 1. Let d be -14 + -2 - 2/l. Calculate the remainder when (d/3)/(13/(-78)) is divided by 10.
8
Let p(x) = -x**3 - 2*x**2 + 12*x + 25. Suppose -4*v = s - 25, 2*s + 3*v + 0*v = 50. What is the remainder when s is divided by p(-4)?
7
Let c = 431 - 362. Let z(w) = -w**3 + 36. Calculate the remainder when c is divided by z(0).
33
Let w = 22 + -23. What is the remainder when (w - 0) + -4*(-21)/6 is divided by 4?
1
Let o = 7 - 16. Let u = o + 4. Calculate the remainder when 345/(-6)*4/u is divided by 12.
10
Let s(q) = -4*q - 4. Let h be s(-2). Suppose 0 = h*b + 1 - 85. What is the remainder when 41 is divided by b?
20
Suppose -9 = -3*l - 3. Suppose -2*u = -4*h, -l*u - 4*h + 16 = -0*h. Suppose u*f = 32 + 60. Calculate the remainder when 45 is divided by f.
22
Suppose -4*w + 28 + 22 = -x, -w + 2 = 5*x. Suppose -102 = -b - 5*s, -4*b + 353 = 2*s - 37. Suppose 5*u - 13 = b. Calculate the remainder when u is divided by w.
10
Let c = -295 - -333. Calculate the remainder when c is divided by 17.
4
Let y = 593 + -584. Calculate the remainder when y is divided by 1.
0
Suppose -5*p + p + 232 = 0. Let g = p + -46. What is the remainder when g is divided by 5?
2
What is the remainder when 381 is divided by 134/11 + (-8)/44?
9
Suppose -97 = -6*f - 13. Calculate the remainder when ((-39)/(-4))/(6/24) is divided by f.
11
Let f be (-1)/(4/(-8))*(3 - 4). Let a(q) = q**3 + 4*q**2 - q + 4. Suppose -4*l + 3*l + 69 = 0. Calculate the remainder when l is divided by a(f).
13
Suppose -3*w + 5 = -4. Suppose -4*g = -2*h - 4, -g - 133 + 170 = 4*h. Calculate the remainder when h is divided by w.
2
Suppose 2*p + 220 = 2*y, 3*y - 380 + 54 = 4*p. Calculate the remainder when 576 is divided by y.
6
What is the remainder when (-9)/(-6) + 122/4 is divided by 17?
15
Let k = -27 - -19. Let a = k + 29. Calculate the remainder when 59 is divided by a.
17
Suppose -2*i + 52 = 2*i. What is the remainder when i is divided by ((-30)/(-25))/(1 - 34/40)?
5
Let c(y) = 9*y - 68. Suppose -z + 30 = -0*z. What is the remainder when c(14) is divided by z?
28
Suppose 3*z - 14 = 5*c + 7, -2*z = -c - 21. Calculate the remainder when 191 is divided by z.
11
Let x(c) = 2*c + 29. Let y be ((-8)/12)/((-4)/(-6)). Let k be -8 + 7 + y/(-1). What is the remainder when x(k) is divided by 16?
13
Suppose 28*m = 25*m + 90. Suppose 4 = -i - 3*x + m, -3*i = x - 62. What is the remainder when i is divided by 11?
9
Suppose 64*v + 297 = 75*v. Let f(n) = 13*n - 11. What is the remainder when f(9) is divided by v?
25
Let x = -22 + 41. Calculate the remainder when (-74)/(-1) - (-9 + 11) is divided by x.
15
Let j = 21 - 21. Suppose j = s + 3 - 14. Suppose -11*b + 13*b - 64 = 0. What is the remainder when b is divided by s?
10
What is the remainder when 247 is divided by 5*(-5 + 7) + (-5 - -3)?
7
Let b = 63 - 63. Suppose b*x + 2*k = x - 53, -5*k = -5. Calculate the remainder when x is divided by 18/1 - -1 - 0.
17
Let q = 580 + -569. What is the remainder when 41 is divided by q?
8
Suppose -3*b + 65 = 3*w - 16, 5*b + 4*w = 139. Let t = 2 - 0. Suppose -4*f = t*o - 196, -151 - 37 = -2*o - 2*f. Calculate the remainder when o is divided by b.
28
Suppose 0 = c + 4*r - 17, -c - 2 = -5*r - 28. What is the remainder when 22 is divided by c?
1
Calculate the remainder when 125 is divided by (-7)/(20/(-6) + -2 + 5).
20
Let t = -119 - -229. Let h(x) = -7*x - 14. Suppose 6*v - l + 26 = 2*v, 10 = -2*v - l. Calculate the remainder when t is divided by h(v).
26
Suppose -6*y + 7 = -5*y. Let t(m) = m**3 - 8*m**2 + 7*m + 17. What is the remainder when 83 is divided by t(y)?
15
Suppose 772 = 2*r + 2*r. Let t be 1 + r*(-1 + 2). Suppose 5*m - 237 = o, -m = 3*m - 3*o - t. Calculate the remainder when m is divided by 25.
22
Let z be -2*(-3)/(6/4). Suppose z*k + 2*g = 8*k + 6, -3 = -3*k - g. Suppose v - 30 = -k*v. Calculate the remainder when 88 is divided by v.
28
Let y = 677 - 659. What is the remainder when 501 is divided by y?
15
What is the remainder when (-9112)/(-102)*(-6)/(-4) is divided by 72?
62
Let y(o) = 3*o**3 + 4*o**2 - 3*o + 1. Let w = -614 - -304. What is the remainder when ((-8)/(-6))/((-6)/(w - -4)) is divided by y(2)?
33
Let o = -7 - -9. Suppose q - o*q = -12. What is the remainder when 23 is divided by q?
11
Suppose 3*w - 234 = -5*v + 2*v, 0 = -2*w + v + 150. Calculate the remainder when w is divided by 13.
11
Let h(y) = 35*y + 12. Let d be h(3). Let o = d - 63. Calculate the remainder when o is divided by 11.
10
Let s(v) = v + 7. Let f(h) = 7. Let m(l) = 4*f(l) - 5*s(l). Calculate the remainder when 22 is divided by m(-3).
6
Let y(u) = -46*u - 457. What is the remainder when 5 is divided by y(-10)?
2
Suppose -19 - 35 = -3*a. Let t = -57 + 107. Calculate the remainder when t is divided by a.
14
Let w(x) = -x**3 - 15*x**2 - 2*x - 4. What is the remainder when w(-15) is divided by 24?
2
Suppose -13*i = -319 - 149. Calculate the remainder when 135 is divided by i.
27
Let d = 6 - -31. What is the remainder when 146 is divided by d?
35
Let p(l) = -3*l + 1 + 3 - 6 + 7. Suppose d - 2*a + 14 = 0, 3*d + 32 = 2*a + 2*a. What is the remainder when 33 is divided by p(d)?
16
Let g = -125 - -207. Calculate the remainder when g is divided by 8.
2
Suppose 0 = -3*g - 4*z + 2, -z = 5*g - 3*z - 38. Calculate the remainder when 23 is divided by g.
5
Suppose -4*w - 3*z = -239, 4*w + 4*z = -z + 233. Calculate the remainder when w is divided by 19.
5
Let l(n) = -2*n**3 - 8*n**2 - 5*n + 17. What is the remainder when l(-8) is divided by 26?
23
Let s(c) = -6*c**2 + 47*c - 4. What is the remainder when s(7) is divided by 9?
4
Suppose 0 = -s - 3 + 17. Calculate the remainder when 12 + 2 + (-4 - -7) is divided by 91/s + (-1)/(-2).
3
Let u(y) = -y**3 - 11*y**2 - 13*y - 4. Suppose -2*z - 5*c = 30, 0*z - 5*z - 3*c = 56. What is the remainder when 51 is divided by u(z)?
25
Let m = 54 + -52. Suppose -28 + 2 = -m*i. What is the remainder when 61 is divided by i?
9
Suppose -6*g + 122 + 58 = 0. Let s = -2 + 16. Let p = s + -6. What is the remainder when g is divided by p?
6
Let b = 6 + -1. Suppose -5*x + a = -252, 4*x + b*a - 213 = 2*a. What is the remainder when x is divided by 21/15 - (-83)/5?
15
Let m be 12/8 - (-2)/4. Suppose -5*k - 19 = -m*n, 5*k = -4*n + 2*n + 29. Suppose -141 = -15*w + n*w. What is the remainder when w is divided by 10?
7
Suppose 404 - 132 = 4*i. Calculate the remainder when i is divided by 24.
20
Let q(d) = -4*d - 20. Let x be q(-5). Suppose 2*h + h - 69 = x. Calculate the